06)/7 composite?
False
Let b(n) = -21*n - 1. Let q be b(4). Is 2 + 0 + (2 - q) a composite number?
False
Let q(r) = -76*r**3 + 2*r + 1. Let w(t) = -t**3 - t - 1. Suppose -2 = -2*c - 2*j, -2 = 3*c + j + 1. Let f(i) = c*w(i) - q(i). Is f(1) composite?
False
Is (3 - 30/9)*291*-1 prime?
True
Suppose -513 = 4*i + 4*y - 6441, -i + 1480 = -y. Is i composite?
False
Is (-2)/1*(-1778)/28 a prime number?
True
Suppose 0 = -t + 3*c + 394, -4*t - 5*c = -2*t - 799. Is t prime?
True
Let u = -13 + 31. Let i(j) = 2*j - 7. Let f be i(9). Let y = u - f. Is y a composite number?
False
Let h(m) = m**3 + 4*m**2 + 4*m + 3. Let o be h(-3). Suppose 48 = -o*w + 4*w. Suppose 0 = -n + w + 9. Is n composite?
True
Suppose -4 = 4*m, -d - 5*m - 229 = 3*d. Let f = d + 385. Is f composite?
True
Let a(w) = w**2 + w. Let y be a(1). Let g = -1 - -5. Suppose y*t = 4*d + 14, 0*d = -g*t - 3*d + 61. Is t a prime number?
True
Let k be (20/25)/((-2)/(-10)). Suppose -2*o + 3*u = -0*u - 2, 0 = 4*o + k*u + 16. Is (-2)/o*(-595)/(-5) prime?
False
Let u = 69 - -8. Is u prime?
False
Let q(y) = 36*y**3 - y**2 + y - 1. Let o be q(1). Let b = 14 + o. Is b a composite number?
True
Let d = -41 + -13. Let g = 91 + d. Is g a composite number?
False
Suppose -3*m - m + 48 = 0. Suppose 169 - m = r. Is r composite?
False
Suppose -4*y = -275 - 137. Let w = y + -36. Is w a composite number?
False
Let n(v) be the second derivative of -v**4/4 - v**3/6 - 2*v. Let s be n(-1). Is 1328/10 + s/(-10) a prime number?
False
Suppose -620 = 2*c - 7*c. Let p(a) = 43*a - 1. Let o be p(6). Suppose 3*t - c = o. Is t a prime number?
True
Let v(n) = 2*n**2 - 2*n - 5. Let o(i) = -i + 4*i + 2 - 4. Let z be o(2). Is v(z) a prime number?
True
Let m be ((-1)/3)/((-5)/(-75)). Let t(w) = w**3 - w**2 + w - 1. Let f(y) = 22*y**3 + 6*y**2 - 6*y + 4. Let j(q) = m*t(q) - f(q). Is j(-2) a composite number?
False
Let j = 51 + -28. Suppose 4 = -p + 2*p. Suppose -p*x = -h + j, -2*x - 41 = -h - 7*x. Is h composite?
False
Suppose 4*g + 6 = -2*u - 28, 2*g - 2 = 0. Is 6/9 - u/3 composite?
False
Let w = 5 + 0. Suppose 0*l + w*l = 0. Suppose l*z + 185 = 5*z. Is z prime?
True
Let i(k) be the third derivative of k**6/120 + k**5/60 - k**4/24 + 121*k**3/6 - 4*k**2. Is i(0) composite?
True
Let k be (0 - -2) + (-12)/(-6). Let i(a) = 25*a - 3. Is i(k) a prime number?
True
Suppose 0 = 5*c - 4459 - 3176. Is c a composite number?
True
Is ((-671)/(-4))/((-13)/(-4) - 3) prime?
False
Let x(w) = 4*w**2 - 5*w - 7. Let v(l) = -12*l**2 + 16*l + 21. Let f(p) = 2*v(p) + 7*x(p). Is f(-4) composite?
True
Let y(t) = 8*t**2 + 5*t - 5 + 0*t - t. Let w be y(7). Suppose i = -4*i + w. Is i prime?
True
Let h(m) = m - 2. Let o be h(5). Suppose 0 = o*x - 4*x + 31. Is x prime?
True
Let g(t) = t**2 - 4*t + 3*t - 7 - 2*t. Is g(7) a prime number?
False
Suppose 438 = b + 2*u - 931, -5*b + 2*u = -6797. Is b a prime number?
True
Let t = 2 + 3. Suppose h - t*h = -996. Is h prime?
False
Let c(u) = -u**2 + u + 4. Let g be c(0). Suppose 340 = 7*k - 3*k - 4*h, g*k - 5*h = 340. Is k a composite number?
True
Suppose 4*h = 2*t - 16, 3*h + 10 = 3*t - 14. Suppose 4*d - t = 0, 0 = j + j + 5*d + 8. Let p = 24 + j. Is p a composite number?
True
Suppose 0 = 4*c - 7*c + 138. Is c a prime number?
False
Let t = 33 - -888. Is t prime?
False
Suppose -4*v - 555 = 2*k - k, 4*v = 5*k + 2799. Let i = k + 229. Is i/(-4)*(-2)/(-3) a composite number?
True
Let v(b) = 2*b + 1. Let t be v(4). Suppose c + z + z = t, -z + 6 = c. Let l = 0 + c. Is l a composite number?
False
Let b = -4 + 12. Let w be ((-4)/b)/((-2)/4). Is w/(74/(-38) - -2) a prime number?
True
Let a = 18 + -7. Is a a prime number?
True
Let c(x) be the second derivative of x**7/420 - x**6/240 + x**5/120 + x**4/12 + x. Let b(h) be the third derivative of c(h). Is b(2) a composite number?
False
Let n be (-6)/(-9)*(-42)/(-4). Suppose 1 = y, r - 5 - n = -2*y. Is 4/r - 443/(-5) a prime number?
True
Let s be 12/(-8)*8/(-6). Suppose 6*o = 2*o + 364. Suppose t + o = s*t. Is t prime?
False
Let d(q) = q - 12. Let k be d(9). Let r be -36*(30/(-4))/k. Let m = r + 143. Is m a prime number?
True
Let n(z) = z**2 + 3*z + 4. Let s be n(7). Suppose -r + 37 = x, -5*r = 2*x - 0*r - s. Is x a prime number?
True
Let g be 0 - ((-1 - 1) + 710). Is (-1)/(-2) + g/(-8) prime?
True
Let p be (1/(-3))/(2/(-24)). Suppose 0 = p*t - 3*s - 1385, 2*t - 685 = 3*s - 0*s. Suppose t = 5*u - 5*h, 3*u - 315 = -2*u - 2*h. Is u composite?
True
Suppose 72*d - 2045 = 71*d. Is d composite?
True
Suppose -2*k + 4*k = 738. Suppose 0*r - 3*r - 3*t = -k, -3*r + 361 = 5*t. Is r a prime number?
True
Suppose -465 = -3*i - 3*r, 0 = 3*i - 2*i - 2*r - 167. Is i prime?
False
Suppose -2*z - 2 = 0, 5*r - 5*z + 138 = -3*z. Let k be ((-1)/2)/(7/r). Suppose 3*b - 264 - 11 = -k*p, 277 = 3*b + p. Is b a prime number?
False
Let l be (-2)/(-9) + (-34)/(-9). Suppose -2*a + l*a = -214. Let t = -60 - a. Is t composite?
False
Let l = 3 - 1. Suppose l*z + z = 99. Is z composite?
True
Let g = -211 + 350. Suppose -4*m + 9 = -g. Is m composite?
False
Suppose 0*i + 3*i = 2*d + 13, -16 = 5*d - 2*i. Is (-69)/(-6) + d/4 a prime number?
True
Let o(y) = 1440*y**3 - 2*y**2 + 2*y - 1. Is o(1) prime?
True
Suppose 0*o = 4*o - 300. Suppose 0 = h + o - 327. Suppose -4*l + 2*v + h = 0, -3*v - 31 = l - 108. Is l composite?
True
Suppose -5*t = -q - 17, -1 = -3*q + 2*t - 0. Suppose 0 = q*h - a - 131, 3*h - h - a = 86. Let l = 49 + h. Is l composite?
True
Let a be (-1)/(-2) - (-2)/(-4). Let z be 78/(6/(-3)) + a. Let q = z - -58. Is q a prime number?
True
Let h(t) = 59*t - 14. Is h(11) composite?
True
Is 2989/77 + 2/11 a composite number?
True
Suppose 0 = 3*l - 23 - 13. Suppose -2*o - o + l = 0. Suppose -245 = -p - o*p. Is p composite?
True
Suppose -4*j + 4 = -4. Let r = j - -7. Let l(o) = -o**3 + 10*o**2 - 9*o + 13. Is l(r) a composite number?
False
Let w(l) = l - 6*l + 1 + 7*l**2 + l**2. Is w(-4) a prime number?
True
Let l be 0*(-1)/(-2 - -4). Suppose -x + 2*x = 2*d + 125, x + 5*d - 104 = l. Is x a composite number?
True
Let n(k) = 96*k - 35. Is n(6) composite?
False
Let g be (8/20)/(3/60). Let o(a) = a**2 - 2*a - 9. Is o(g) prime?
False
Let u = -1 + 3. Is 52/2 - (u - 1) a prime number?
False
Let p(z) = z**2 - 9*z - 11. Let t be p(10). Is t*2*275/(-10) composite?
True
Suppose 2*r + 4 = -3*s + 58, -2*r + 36 = 2*s. Suppose 26 = -2*b - l, -4*b = -2*b + 3*l + s. Let a = 8 - b. Is a prime?
True
Let g be 15/10 - (-1)/2. Suppose 0 = 2*j + o + 2*o + 1, j - g = o. Let t(l) = 88*l**2 + 1. Is t(j) composite?
False
Suppose 4*d - 567 = 5*c - 2804, -5*c + 5*d + 2235 = 0. Is c composite?
False
Let s = -5 - -4. Let z(p) = -160*p + 1. Is z(s) prime?
False
Suppose -2*i - 41 = -5*r - 6*i, -r - 5*i = -25. Suppose -r*j + 56 + 119 = 0. Let a = j - -24. Is a a composite number?
False
Let t(w) = -2*w**3 - w**2 + 4*w + 3. Let b(x) = 5*x**3 + 3*x**2 - 11*x - 8. Let m(q) = -3*b(q) - 8*t(q). Let n be m(0). Is n + 0 + 58 + -3 a prime number?
False
Let y(x) = 14*x**2 + 7*x - 15. Is y(-6) a prime number?
False
Let s = -70 - -44. Is (2 - s)*42/24 composite?
True
Let j = -144 - -515. Is j composite?
True
Let d = 356 + -49. Is d a composite number?
False
Let y be (-3)/(-3 + 5 + -3). Suppose 0 = -y*v - 0*v + 12. Suppose -5*s = -2*c - 125, -3*s = v*c + c - 75. Is s prime?
False
Let y = 3 - -16. Is y a composite number?
False
Suppose -2*x + 0*n + n - 8 = 0, 0 = -3*x - n - 2. Let z(a) = -27*a - 1. Let l(p) = -107*p - 3. Let c(b) = -2*l(b) + 9*z(b). Is c(x) composite?
True
Let m = 110 - -221. Is m composite?
False
Suppose 6*l - 5*l - 437 = 5*s, 2185 = 5*l - 5*s. Is l a composite number?
True
Is 2228/24 + (-3)/(-18) composite?
True
Suppose -5*h - 4*p = -1280, -5*h = -3*p + 6*p - 1285. Suppose 0 = -a + 5*a - h. Is a prime?
False
Is (10/4)/((-1)/(-34)) composite?
True
Suppose 2*w = 6*w. Let m(o) = o**3 + o**2 + o + 2. Let u be m(w). Is 33/u*28/6 prime?
False
Suppose -2*z + 2 + 2 = 0. Suppose c = z*c - 35. Is c a composite number?
True
Let w = 42 - 23. Let t = w + -40. Let p = 14 - t. Is p prime?
False
Suppose -2*k + 4 = -4. Suppose -2*v = -k*u - 0*u + 528, 137 = u + 2*v. Is u composite?
True
Suppose 0*f = f + o - 3, 3*o + 6 = 2*f. Suppose -37 - 113 = -n - z, f*n + 5*z - 440 = 0. Is n a composite number?
True
Suppose -6*f + 2270 = 266. Is f a prime number?
False
Suppose -4